 4*d - 2. Let p be (-2)/7 + (-210)/(-49). Let g be b(p). What is the units digit of 2 + ((-6)/g - 3)?
2
Suppose 96 = 5*r + 3*o, 2*r - 3 = -o + 36. What is the units digit of r?
1
Let p be (-3)/(6/2) + 6. Suppose 4*x + 1 = p. Suppose -2*l = -17 + x. What is the units digit of l?
8
Let p be 40/15*(-6)/(-4). Suppose 3*d - 16 = -4*g, g = -d + 4*d + p. What is the units digit of g?
4
Suppose -8*m + 44 = -7*m. What is the units digit of m?
4
Suppose 3 = -3*o + 6. Suppose -z = -i + 26, 2*z = -7 + o. What is the tens digit of i?
2
Let o(s) = s + 8. Let j be o(-9). Let h be 2*1 - (j - 1). Suppose -14 = -4*m - 2*d, 0*d - 35 = -h*m + 5*d. What is the units digit of m?
5
Suppose 0 = 4*r + 1 - 5. Suppose -r = -y + 14. What is the units digit of y?
5
Let u = -13 - -44. What is the tens digit of u?
3
Let k be (0/(1/(-1)))/(-2). Suppose k = -a + 8 - 3. Suppose -4*w - q = 2*q - 12, 2*w = a*q + 6. What is the units digit of w?
3
Let o(w) = w + 14. Let n = -11 + 11. What is the tens digit of o(n)?
1
Let r(v) be the second derivative of 5*v**3/6 + v**2 - v. What is the units digit of r(2)?
2
Let r(j) = -8*j**3 - 5*j**2 + 4. What is the tens digit of r(-3)?
7
Let o = 9 - -71. Suppose g = -4*g + o. What is the tens digit of g?
1
Let j(p) = -p**3 - 12*p**2 - 6*p + 13. What is the units digit of j(-12)?
5
Let h be (0/(-6))/(2*1). Let u be -2*(-1)/(-2)*h. Suppose l + 10 - 27 = u. What is the units digit of l?
7
Suppose x = -3*x + 3*d + 235, d = -x + 50. What is the tens digit of x?
5
Suppose j - 14 = -s, 0 = -3*j - 3*s + 6*s + 42. What is the units digit of j?
4
Let p be (-4)/3 + 4/(-6). What is the units digit of (-33)/(-6) - p/(-4)?
5
Let l(o) be the first derivative of -o**2 + o - 2. What is the units digit of l(-4)?
9
Let u be (-2)/3 + (-20)/6. Let h be (-1)/(-1)*(-5 - u). Let d = h + 2. What is the units digit of d?
1
Let j = 10 + -7. Suppose 2*b + b + j = 0. What is the units digit of b - 0 - 0 - -13?
2
Let l(a) be the third derivative of a**5/60 - a**4/6 + 2*a**3/3 + a**2. Let z(p) = p**2 - 5*p - 3. Let x be z(6). What is the units digit of l(x)?
1
Let a be (-3)/((-6)/4) - 3. Let z = 16 + a. What is the units digit of z?
5
Suppose -u = -3*u + 28. Let v = u + -10. Suppose 45 = v*k + k. What is the units digit of k?
9
Let m = -21 - -1. Let s = -11 - m. What is the units digit of 3/(-3) + 1*s?
8
Suppose -d + 4*i = -255, -5*i + 219 = -0*d + d. What is the hundreds digit of d?
2
Let s = -20 - -26. What is the units digit of s?
6
Let u(p) = p + 133. What is the hundreds digit of u(0)?
1
Let u(j) = j + 3. Let a be u(3). Let f be (-8)/12 - (-2)/3. Suppose -l + f*l = -a. What is the units digit of l?
6
What is the units digit of (-6)/8 + (-1530)/(-24)?
3
What is the units digit of (1/5)/(9/1935)?
3
Suppose -2*f = -261 - 135. What is the tens digit of f?
9
Suppose -5*x - 3*c + 786 = 0, 0*c - 4*c - 171 = -x. What is the units digit of x?
9
Let d = 42 - 1. Suppose -15 + d = 2*n. What is the tens digit of n?
1
Suppose -5*d + 65 = -0*d. What is the units digit of d?
3
Suppose 3*b = 3*n - 0*b + 12, -2*n + 4*b = 16. Suppose 5*k - 35 - 15 = n. Let g = k + -7. What is the units digit of g?
3
Let l(o) = 2*o + 18. Let c be l(-9). Suppose 5*q - 9*q + 144 = c. What is the tens digit of q?
3
Let a = -4 - 15. Let m = -2 + 5. What is the units digit of a/(-4) - m/(-12)?
5
Suppose 5*y + 3*w - 131 = 0, w = 4*y - 21 - 94. Let q = 48 - y. What is the units digit of q?
0
Suppose -747 + 27 = -9*b. What is the units digit of b?
0
Let d(i) = i - 1. Suppose 0 = -4*s - 0 + 4. Let u be d(s). What is the tens digit of u - -2*22/4?
1
Suppose -4*j = -3*j - 5. Suppose 66 = -j*i + 16. Let u = 26 + i. What is the units digit of u?
6
Let q(y) = -2*y**3 - 2*y + 128. What is the hundreds digit of q(0)?
1
Suppose -4*j + 47 = -z, 2*z - 20 = -4*j + 18. Suppose d - 4*k = -2 + j, -5*d + 13 = -4*k. What is the units digit of d?
1
Let o = 24 + -8. What is the tens digit of o?
1
What is the units digit of 1 + 147 - (2 + -3)?
9
Let y = 2 + -7. Let m = y - -10. What is the units digit of m?
5
Let n = -384 + 749. What is the tens digit of n?
6
Let q(m) = m**3 + m**2 + m + 36. Suppose 0 = 3*f - 3*h - 6, h - 2*h - 2 = 3*f. What is the tens digit of q(f)?
3
Suppose i + 3*g - 11 = 0, g + 8 = 5*i - 3*i. Suppose -w = -3*q - 33, 3*w - i*q = -w + 97. What is the units digit of w?
8
Suppose -2*n - 14 = 4*z, -2*z - 4*n = z + 18. Let k be z/10 - (-48)/15. Suppose 4*v = k*h - 7, h = -4*v + 16 + 13. What is the units digit of h?
9
Let z = -39 - -49. What is the units digit of z?
0
Let i(j) = -j**2 + j + 2. Let s be i(2). Suppose -5*p + 0*p + 25 = s. Let r(n) = -n**2 + 6*n + 2. What is the units digit of r(p)?
7
Let a(n) be the third derivative of 19*n**5/60 + n**4/24 - n**3/6 - 3*n**2. What is the tens digit of a(1)?
1
Let w = 10 - -25. What is the units digit of w?
5
Let s(k) = k**3 + 4*k**2 + 4*k + 2. Let d be s(-3). Let u(x) = -14*x**3 + x**2 + x + 1. What is the tens digit of u(d)?
1
Suppose -3*q = 41 - 5. Let x be ((-4)/6)/(q/18). Let a = x - -4. What is the units digit of a?
5
Suppose -i - 5*z + 9 + 4 = 0, i - 5*z + 7 = 0. Suppose 3*o - 2*o + 2*t = 7, 24 = 5*o - t. Suppose i*p - 28 = o. What is the units digit of p?
1
Let a(v) = v**3 - 11*v**2 + 4*v. Suppose 4*m - 3*m + 2*o - 9 = 0, -5 = 5*o. Let f be a(m). Let l = f - 29. What is the tens digit of l?
1
Let r(p) = 39*p**2 + p + 4. What is the units digit of r(-2)?
8
Let d be (-32)/(-12) + (-4)/6. Suppose 5*u - d*u - 24 = 0. Let m = 8 + u. What is the tens digit of m?
1
What is the units digit of 2/(3 + 188/(-64))?
2
Suppose -2*q - 3*q = -45. Suppose 5*i + 23 = 4*y - 3*y, -3*y - 5*i + q = 0. What is the units digit of y?
8
Let d = 16 - 11. Suppose -d*a + 3*i = -5, -3*a = 2*i - 26 + 4. What is the units digit of a?
4
Let t(n) = 9*n**2 - n - 2. Let d be t(2). Let z = d - 22. Suppose -4*i = -5*i + z. What is the tens digit of i?
1
Let o = 0 - 1. Let y be 20*(-3 + -1)*o. Suppose 2*m + 3*m - y = -3*c, m + 4*c + 1 = 0. What is the units digit of m?
9
What is the units digit of ((-6)/(-24))/(1/116)?
9
Suppose 174 = w + 2*w. What is the tens digit of w?
5
Let k(u) = -11*u - 6. What is the units digit of k(-6)?
0
Suppose 1370 = 5*y + 5*y. What is the hundreds digit of y?
1
Suppose 5*f + 5*i - 90 = -0*f, 3*f + i - 56 = 0. Suppose f + 5 = a. What is the units digit of a?
4
Suppose 3*i - 138 = 126. What is the units digit of i?
8
Let w be (-10)/45 + (-47)/(-9). Suppose 35 = w*r - 45. What is the units digit of r?
6
Let o(c) = 4*c**2 - 1 - 2*c**2 - 3. What is the units digit of o(4)?
8
Suppose 0*m + 165 = 3*m. What is the units digit of m?
5
Let d = 13 - 10. What is the units digit of -2 + 1 + (d - -10)?
2
Let j(r) = -8*r**2 - 14*r - 5. Let i(y) = -7*y**2 - 13*y - 5. Let o(w) = -6*i(w) + 5*j(w). What is the tens digit of o(-5)?
1
Let q(f) = -14*f - 1. Let j be q(1). Let a be (20/j)/((-2)/(-84)). What is the units digit of 6/(-27) + a/(-9)?
6
Let s = -16 + 36. Suppose w + s = 6*w. What is the units digit of w?
4
Suppose -b = 5*j - 15, -b - 5*j = -3*b. Suppose -2*r + r = -4*y - b, r + y - 20 = 0. What is the tens digit of r?
1
Let t(m) = 4*m - 5. Let y be t(5). Suppose -5*g = -0*g - y. What is the units digit of g?
3
Let c = -10 + 14. Suppose -b + 30 = c*k + 2*b, 3*b + 6 = 0. What is the units digit of k?
9
Let n = 108 + -58. What is the units digit of n?
0
Suppose -2*h - 2*i + 3*i + 16 = 0, 2*i + 24 = 3*h. Suppose 0 = 3*y - k - 25, 4*k - h = 3*y - 45. What is the units digit of y?
7
Let w = 205 + -27. What is the hundreds digit of w?
1
Suppose i + 51 = 18. What is the tens digit of i*(-3 - (-21)/9)?
2
Let j = -13 + 13. Suppose 0 = n - j*v - 4*v - 59, 2*n = -v + 91. What is the tens digit of n?
4
Let s(z) be the second derivative of z**3/6 + z**2/2 + 2*z. What is the units digit of s(6)?
7
Let w = 16 + 38. What is the units digit of w?
4
Let g(l) = 4*l**2 - 3*l - 1. What is the tens digit of g(3)?
2
Let q(x) = x**3 - x**2 + 2*x - 1. Suppose -3*v = -2*v - 5. Suppose 0 = -v*s - 2*p - 3, -s + 0*s = 3*p + 11. What is the units digit of q(s)?
1
Let i(w) = -2*w**2 - 3*w + 3. Let k be i(-3). Let u = k - -1. Let x = 6 - u. What is the units digit of x?
1
Let h(o) = 1 + o**3 - 1 + 8*o**2 + 0 - 4 + 8*o. What is the tens digit of h(-6)?
2
Let q(g) = -g**3 + 4. Let z be q(0). Suppose -v + 3*y = 